2 + 153 = 0. Calculate the remainder when x is divided by (0 - -1)*-3*(-16 + 9).
16
Let m = 300 - 387. Let v = m - -98. What is the remainder when 72 is divided by v?
6
Suppose 2*d - 1252 = 39*h - 37*h, -d = 4*h - 601. What is the remainder when d is divided by 234?
153
Suppose 14*p - 9 + 69 = 284. Suppose -3*x - 12 = -2*x. What is the remainder when ((-378)/x)/((-2)/(-4)) is divided by p?
15
Let g(q) be the first derivative of q**4/2 - 13*q**3 - 8*q**2 - 40*q + 107. What is the remainder when g(20) is divided by 7?
5
Let b = 258 + -159. Let a = -30 - -65. Calculate the remainder when b is divided by a.
29
Let t(v) = -v**3 - 7*v**2 - 18*v - 21. Let n be t(-4). Suppose 0 = -q - 4*l + 22, -7 = q + n*l - 32. Calculate the remainder when 237 is divided by q.
33
Suppose 2*v = -6, 0 = 7*x - 8*x + 4*v + 376. Suppose 0 = -8*g + g + x. What is the remainder when 170 is divided by g?
14
Let u(n) = 3*n - 7. Let b(h) = 3*h - 19. Let p(r) = r**3 - 6*r**2 + 6*r - 28. Let l be p(6). What is the remainder when u(10) is divided by b(l)?
3
Let t(m) = 6*m**2 + m - 1. Suppose 13*w + 175 = 3*a + 12*w, a - w - 59 = 0. Calculate the remainder when a is divided by t(1).
4
Let x = 237 - 159. Let u be x*((-16)/(-10))/((-10)/(-25)). Suppose 12*z - u + 24 = 0. Calculate the remainder when 71 is divided by z.
23
Let t = -1472 - -1505. Calculate the remainder when 2831 is divided by t.
26
Let z = -13 + 19. Let o(v) = 0*v**2 - v**2 + 0*v**2 - 11*v + 5. What is the remainder when o(-8) is divided by z?
5
Suppose -175 = 42*u - 47*u. What is the remainder when 389 is divided by u?
4
Suppose z + 1 = 5, -112 = 2*n - 5*z. Let f = -135 - n. Let c = 114 + f. Calculate the remainder when 70 is divided by c.
20
Let s be (1520/(-140))/(2/(-7)). Suppose -5*m - s = -2*r + 20, -3*r - 3*m = -45. What is the remainder when 47 is divided by r?
9
Let m = 16636 - 16602. Let x(g) = -g**2 + 3*g - 5. Let n be x(4). Calculate the remainder when m is divided by n/(-6)*-6*-2.
16
Suppose -809 = -13*v + 9*v + w, 4*v - 830 = -2*w. Calculate the remainder when v is divided by 187.
17
Suppose 5*d - 3348 = -8*d + 4*d. Calculate the remainder when d is divided by 50.
22
Suppose 17*g + 3087 - 8714 = 0. What is the remainder when g is divided by 24?
19
Let u = -25238 - -25352. Suppose 0 = 3*k - 3*l - 84, 2 = -2*l + 4*l. Calculate the remainder when u is divided by k.
27
Let y = 3432 - 3344. What is the remainder when 265 is divided by y?
1
Let x(b) = 107*b + 952. What is the remainder when x(-8) is divided by (32/1)/4 - -1?
6
Suppose -29*c + 5687 = 18*c - 20304. Calculate the remainder when c is divided by (62/6)/(2/18).
88
Let d(u) = 71*u - 665. What is the remainder when 718 is divided by d(10)?
43
Suppose -3*z + 132 = -16*k + 4*k, z + 5*k = 71. What is the remainder when 19486 is divided by z?
54
Suppose -53*n = -66*n + 1326. What is the remainder when 354 is divided by n?
48
Let i = 17275 - 17174. Calculate the remainder when i is divided by 55.
46
What is the remainder when 330 is divided by ((-621)/(-45) - 15) + (-722)/(-10)?
46
Suppose -v + 2 + 0 = 0, -2*a + 2*v = -90. Suppose 244 - 804 = -4*l. Calculate the remainder when l is divided by a.
46
Suppose 0 = 10*f - 6*f + 92. Let g(v) = -12*v - 60. Let q be g(f). What is the remainder when (-48)/q - 704/(-9) is divided by 16?
14
Let o(v) = 2*v**3 + 17*v**2 + 9*v + 19. Suppose -7*t + 15*t = -64. What is the remainder when 73 is divided by o(t)?
7
Let q(g) = -g**3 + 139*g**2 + 4*g + 36. What is the remainder when q(139) is divided by 21?
4
Let c be ((-1088)/(-112))/(2/77). What is the remainder when c/10 + (-18)/(-45)*-1 is divided by 8?
5
Let j = 34 + -30. What is the remainder when 118 is divided by 3 - 1 - j*21/(-3)?
28
Suppose -768 = -28*i + 4*i. Calculate the remainder when (2 - i/10)/((-22)/1925) is divided by 4.
1
Let t(h) = h**2 - h + 2. Let n = 150 - 103. Suppose -36*o = -n*o + 11. Calculate the remainder when t(0) is divided by o.
0
Let t = 55 + -27. Let x = -311 - -338. Suppose 2*d = 5*l - 71, 11 = -l + d + x. What is the remainder when t is divided by l?
2
Suppose -7*x = -x - 24. Suppose -4*k - v = -84, -x*v + 84 = 5*k - 8*v. Calculate the remainder when 97 is divided by k.
17
Let t = 562 - 460. What is the remainder when t is divided by 8?
6
Suppose u + 0 = -2. What is the remainder when 143 is divided by 6 + 20 - (u + -1)?
27
Suppose -1140 = -3*y - 5*b, -270*b + 394 = y - 266*b. What is the remainder when 622 is divided by y?
252
Let m = 607 - 330. Suppose -8*y = 37 - m. What is the remainder when 177 is divided by y?
27
Suppose i - 3*r - 44 = 0, 3*i + 4*r - 853 + 721 = 0. Calculate the remainder when 135 is divided by i.
3
Let s be 147/27 - 28/63. Suppose 2*p - 80 = -s*q, p - 13 - 20 = -2*q. Calculate the remainder when q is divided by 6.
2
Let g(u) = -u**2 + 28. Let s = -310 - -247. Calculate the remainder when g(0) is divided by 18 - s/18*2/(-7).
11
Suppose 15*c = -32*c + 35109. What is the remainder when c is divided by 22?
21
Let b = -16592 + 16631. Calculate the remainder when 2534 is divided by b.
38
Let c(t) be the second derivative of t**3/3 + 69*t**2/2 + 108*t. What is the remainder when c(27) is divided by 31?
30
Let s = 19852 + -19722. Calculate the remainder when 7018 is divided by s.
128
Let d = 33 - -59. Let h = -2003 - -2032. Calculate the remainder when d is divided by h.
5
Let w = -1571 + 1631. Calculate the remainder when w is divided by 27.
6
Suppose 5*m = p - 59, -89 - 252 = -4*p - m. Suppose 90*f - p = 86*f. What is the remainder when 121 is divided by f?
16
Let p = 4895 - 4794. Calculate the remainder when 330 is divided by p.
27
Let w = -4232 - -4637. Calculate the remainder when w is divided by 2.
1
Let g(v) = -336. Let t(k) = -k - 504. Let q(j) = 7*g(j) - 5*t(j). What is the remainder when q(-28) is divided by 22?
6
Suppose -1859 + 498 = 41*k - 28749. Calculate the remainder when k is divided by 88.
52
Let w(q) = -q**2 + q + 12. Suppose 0*i = 8*i - 32. Let d be w(i). Suppose d = h - 42 + 24. What is the remainder when h is divided by 10?
8
Let t(n) = n**3 - 16*n**2 - 35*n - 18. Let g be t(18). What is the remainder when 21 is divided by 1/(-1 - g)*20/(-4)?
1
Let i(w) = 17*w + 5. Let g be i(7). Suppose -79*s - 2000 - 54 = 0. Let m = s + g. What is the remainder when m is divided by 17?
13
Let w be ((-20)/15)/((-24)/54). Suppose 2*p - w*v - 183 = -3*p, 5*v = -5*p + 175. What is the remainder when 176 is divided by p?
32
Suppose 5*c - h = 12, h - 9 = -0*c - 2*c. Suppose 3*t - 4*a = 5, -c*t - a + 6 = -4. Calculate the remainder when 9 is divided by t.
0
Suppose -4*p - 5*k = -3, -3*k - 2*k - 11 = -3*p. Suppose -80 = -p*q + 16. Suppose -663*d + 668*d = 135. Calculate the remainder when q is divided by d.
21
Let j(g) = -g**2 + 17*g - 50. Let p be j(13). Suppose 0 = o - p*h + 3, o + h - 15 = -3*o. What is the remainder when o is divided by 2?
1
Suppose -712 = -6*q - 64. Suppose 68*d + q = 74*d. Calculate the remainder when 34 is divided by d.
16
Suppose -5*q + 6*q = 94. Let j = 221 - 219. Calculate the remainder when q is divided by (57/9)/(j - 5/3).
18
Suppose 6*l - 281 + 5 = 0. Let k be (-2)/((1/3)/(2/(-4))). Suppose -39 = -k*x + 12. Calculate the remainder when l is divided by x.
12
Let s = 14 - 21. Let m(r) = r**2 + 3*r. Let u(v) = 2*v**2 + 10*v - 19. Let i(c) = m(c) - u(c). Calculate the remainder when i(s) is divided by 5.
4
Suppose 22 = -6*j + 17*j. Suppose -4*s + j*h - 6 = -128, 185 = 5*s + 4*h. Calculate the remainder when 98 is divided by s.
32
Let i = -607 + 2287. What is the remainder when 120 is divided by (-4)/(-10) + i/50?
18
Let h = -3430 + 3456. Calculate the remainder when 90 is divided by h.
12
Let w = 2568 - 2508. Calculate the remainder when 293 is divided by w.
53
Suppose 0 = -2*w - 4*m + 742, -1725*m + 1721*m - 16 = 0. Calculate the remainder when w is divided by 46.
11
Suppose -76*p + 6*p = -92190. What is the remainder when p is divided by 10?
7
Let i be -12*(-1 + (-4)/(-8)). Suppose i = s - 3*q - 13, 2*q = -2*s + 6. Let f = -993 - -1019. Calculate the remainder when f is divided by s.
5
Suppose -2*j - t = -8568, 1328*j + t - 21432 = 1323*j. What is the remainder when j is divided by 148?
144
Suppose 0*m - 2*m + 82 = 0. Let q(f) = f - 8. Let n be q(10). Suppose 7*p - n*p = 400. Calculate the re